te k(6).
1
Let f = 19 + -17. Let o(v) = v + 1. Let h(l) = -3*l - 5. Let z(c) = f*o(c) + h(c). Give z(-4).
1
Let c(o) = -o**2 - 3*o + 4. Let n be c(-4). Let y(b) = -3*b**2 + b - 2. Let m(u) = -4*u**2 + u - 2. Let z(a) = -4*m(a) + 5*y(a). Give z(n).
-2
Let k be (6/12)/(1/2). Let u(j) = -j**3 + 6*j**2 - j. Let x(y) = -2*y**3 + 5*y**2 - y. Let b(c) = -4*u(c) + 5*x(c). Determine b(k).
-6
Let m(i) = -3*i**2 + 4*i - 3. Suppose -3*q + 12 = 3. Let f be (-35)/(-28) - q/(-4). Determine m(f).
-7
Let a(m) be the first derivative of m**3 + m - 1. Let s = 26 - 27. Calculate a(s).
4
Let m(j) = j + 2. Let y(v) = v**3 + v**2 - 6*v + 1. Let s be y(-5). Let w be s/(-18) + 1/6. Determine m(w).
6
Let t(z) be the second derivative of -z**4/12 - 2*z**3/3 - z**2/2 + 14*z. Give t(-5).
-6
Let q(k) = k**2 + 6*k + 1. Let j be (-6)/1*(0 + 1). Determine q(j).
1
Suppose 4 = -2*x - 0. Let b(g) = -g**2 + g + 2. Give b(x).
-4
Let g(s) = -s + 4. Let u be g(0). Suppose -5*y = u*l + 4, y + 2 = -l + 1. Let w(v) = -v - 3. What is w(y)?
-3
Let h(c) = -2*c**2 - 4*c + 1. Suppose 0 = -6*t - 42 + 24. Calculate h(t).
-5
Let w be (-1)/2 - (-11)/2. Let g = 5 - w. Let a(x) = g*x - 3*x - 3 + 2*x. Calculate a(-2).
-1
Let c(k) = 2*k + 2. Let x = 4 - 2. What is c(x)?
6
Let p = 19 + -13. Suppose 3*c - p = -24. Let o(f) = -f**3 - 5*f**2 + 5*f - 8. Determine o(c).
-2
Let g(x) = 1. Let n(r) = r**2 - 4*r - 6. Let p(i) = -6*g(i) - n(i). Determine p(6).
-12
Let i(b) = b + 10*b - 7*b + 0*b. Give i(4).
16
Let l be 2/16 - 15/(-72). Let k(v) be the first derivative of 2 - 3*v - 2*v**2 - l*v**3. What is k(-5)?
-8
Let x(v) = 2*v**2 + v - 2. Let f(i) = 2*i**3 + 4*i - 3. Let k be f(2). Suppose -3*d - 3*c - 9 = 0, 0*d + 2*d + 5*c = -k. What is x(d)?
8
Let q(j) be the first derivative of j + 1/6*j**4 + 2/3*j**3 + 3/2*j**2 + 1. Let t(p) be the first derivative of q(p). Determine t(-2).
3
Let w = 1 - 0. Let u = w + 0. Let t(c) = c**3 + c**2 + c - 1. Let y(j) = -7*j**3 + 3*j**2 + 2*j - 2. Let i(g) = 3*t(g) - y(g). Give i(u).
10
Let u(y) = -y. Let k(a) = 2*a**2 + 3*a. Let n be k(-2). Calculate u(n).
-2
Let z be 0/(4 - (1 - -1)). Let k(l) be the first derivative of l**6/360 + 5*l**4/24 + l**3/3 + 2. Let h(a) be the third derivative of k(a). Determine h(z).
5
Let c = 2 - 4. Let l = 3 + c. Let m(n) = n**2 + 0*n + 3 - 2 + l + 3*n. Give m(-4).
6
Let n(s) be the first derivative of -s**6/180 - s**5/30 + s**4/24 + 3*s**3 + 6. Let b(t) be the third derivative of n(t). Give b(-3).
-5
Let j(m) = m - 1. Let f(h) = 8*h - 16. Let k(z) = 9*z - 17. Let o(c) = 6*f(c) - 5*k(c). Let s(q) = -2*j(q) + o(q). Calculate s(4).
-5
Let x(h) = h**2 - 4*h - 13. Let l be x(6). Let r(c) = 6*c**2 - 1. Give r(l).
5
Let k(s) = s**2 - 2*s + 6. Let i be k(0). Let c(a) = a**3 - 6*a**2 + a - 3. Determine c(i).
3
Let b(a) = 9*a**3 - 3*a**2 + 12*a + 7. Let h(i) = 5*i**3 - 2*i**2 + 6*i + 4. Let v(w) = 6*b(w) - 11*h(w). Suppose 7 = 2*t - 3. Determine v(t).
3
Let k(u) = u + 2 - 5*u + 7*u. Suppose -5*y + n + 8 = -7, 4*y - 2*n = 12. What is k(y)?
11
Let w(o) = -o**3 + 3*o**2 - 2*o + 1. Let n(a) = -a - 5. Let f be n(-7). Suppose 3*i - 4*x + 6 = -4, 16 = 4*i + f*x. Give w(i).
1
Let l(n) = 13*n - 1. Suppose 11 = 9*s + 2*s. Give l(s).
12
Let d(x) = 2*x**3 + 7*x**2 - x - 3. Let k(s) = 2*s**3 + 8*s**2 - 2*s - 4. Let y(a) = 5*d(a) - 4*k(a). Give y(-2).
-9
Let v = -9 - -11. Suppose 3*a = 2*f + 2, -4*f + v*a = -2*a. Let s(g) = -g**2 - 2*g. What is s(f)?
-8
Suppose -5 = -g + v - 3*v, -4*g = -4*v + 4. Let t(m) = -8*m. What is t(g)?
-8
Let v(b) be the first derivative of b**5/30 - b**4/24 - b**2 + 5. Let j(p) be the second derivative of v(p). Determine j(-1).
3
Suppose 4 = 2*r + 5*z - 31, -5*z + 20 = -r. Let l be r - (-2)/(-2) - -1. Let x(f) = f**3 - 5*f**2 - 2*f + 7. What is x(l)?
-3
Let k(h) = -3*h + 55 - 45 + 4*h. What is k(-11)?
-1
Suppose 4*h - 16 = -4*s, -h + 4*s = -s + 8. Let x(g) = -4*g**2 + 3*g**2 + 3*g**h - 5*g + 7 - g**2. Give x(6).
13
Let s(w) = 5 + 0 + 2*w - 3*w. Let j = -356 - -360. What is s(j)?
1
Let w(p) = -27*p - 30*p + 1 + 59*p. Determine w(-4).
-7
Let w(f) = -4*f**3 - 2*f**2 - f + 30. Let v(h) = h**3 - h**2 - 4. Let s(u) = -5*v(u) - w(u). Let o be 2/(10/(-14) + 1). Determine s(o).
-3
Let m(z) = z**2 + 6*z + 1. Suppose -12 = -0*r - 4*r. Suppose -3*q - 9 = r. Give m(q).
-7
Let d(l) be the second derivative of l**5/20 - l**4/12 - l**3/6 + l**2/2 - 4*l. Suppose -p + 1 = s, 4*s - 2*p - 8 = -5*p. Suppose s*v - 6 = 4. What is d(v)?
3
Let t(u) be the second derivative of u**3/6 - 4*u**2 + 8*u. Determine t(8).
0
Let n(h) = 2*h**3 - h**2 + 7*h - 5. Let j(q) = q**3 - q**2 + 3*q - 2. Let y(z) = 5*j(z) - 2*n(z). Let m(f) = -f**2 + 15*f + 19. Let b be m(16). What is y(b)?
3
Let o be 12 + (-3)/1 + 2. Let i(z) = -4 - o*z + 3 + 6*z. Give i(-1).
4
Let k = 34 + -34. Let p(b) = b + 3. What is p(k)?
3
Let l(r) = -r**3 - r**2 - 2*r + 3. Suppose -2*v - 51 = -11. Let i be (-72)/v + 6/(-10). Suppose f - i*w + 7 = 0, 2*f + 0*w + 2 = 2*w. Calculate l(f).
-13
Let b(r) = 8*r**3 + 6*r**3 + 7*r**3 - 20*r**3 + 1 - r - 2*r**2. Give b(-2).
-13
Suppose 0 = 3*o - 12 + 3. Let w(k) = -2 + 3*k + o*k + 3. Let c be -3 + 1 + 1 + 0. Give w(c).
-5
Let p be 32/5 - 2/5. Let y(n) = n**3 - 7*n**2 + 7*n - 3. Calculate y(p).
3
Let t(k) = -5*k - 6. Let j = 1 - 1. Let f(s) = 1 + s + j + 0. Let w(c) = 4*f(c) + t(c). Give w(5).
-7
Let u(l) = -8*l - 48. Let t be u(-7). Let g(q) = -q**2 + 4*q + 10. What is g(t)?
-22
Suppose 0 = -3*b - 4*n - n + 21, 0 = -4*b - 2*n + 14. Let m(s) = s**2 - 2*s - 1. What is m(b)?
-1
Let r(q) be the second derivative of 1/2*q**2 - q - 1/2*q**3 + 0. Determine r(1).
-2
Suppose 3*l - 3*i = -24, i = -2*l - 17 - 2. Let d(z) = -z**3 - 10*z**2 - 11*z - 8. Give d(l).
10
Suppose -7*w - 24 = -3*w. Let c(n) = -n - 3. Calculate c(w).
3
Let s = 0 + -3. Let k(f) = f - 1. Let p be k(-2). Let n(d) = d**3 + d**2 + d. Let z(t) = 4*t**3 + 6*t**2 + 4*t + 2. Let q(u) = p*n(u) + z(u). Give q(s).
-1
Let i = -10 - -8. Let g = i + 5. Let u(s) = 0*s - g*s + 0*s + 2*s. What is u(-3)?
3
Let c = 33 - 20. Suppose -2*h + 2*w + 26 = 3*h, -c = -4*h - w. Let z(y) = y - y**3 + 6*y**2 + 2*y**3 - y**2 + h. Give z(-5).
-1
Let y(c) = -1 - 2*c**2 + 2 + 110*c - 111*c + 2*c**3. Determine y(2).
7
Let u(n) = 7*n**3 - 1 - 2*n + 0*n**2 + 6*n**2 - 6 - 8*n**3. Calculate u(5).
8
Let z(x) = -x**2 - 5*x - 3. Let a(j) = -j**3 - j**2 + 2*j. Let k be a(-2). Suppose -6*n + n - 30 = k. Give z(n).
-9
Suppose -z + 2 = 4. Let m(g) = 2*g**3 + 3*g**2 - 2. Calculate m(z).
-6
Suppose 5*l - 3*h - 22 - 3 = 0, 0 = 2*l - 5*h + 9. Suppose -q = q + l. Let f(a) = -1 - 1 - 2*a + 4*a - 3*a. Give f(q).
2
Let j(z) = z - 6. Let m(c) = -c**2 - 16*c - 8. Let w be m(-15). Determine j(w).
1
Let o = 16 + -22. Let u(z) = 3*z**3 + 9*z**2 + 7*z - 3. Let a(f) = f**3 + f**2 + f - 1. Let r(y) = -2*a(y) + u(y). Determine r(o).
5
Let k(c) be the third derivative of -c**5/60 + c**4/8 - c**3/3 + c**2. Let d(v) = v**2 - 6*v + 6. Let o be d(5). Let q be -1 + (0 - o) + 5. Determine k(q).
-2
Let x(i) be the second derivative of -i**5/20 - 5*i**4/12 + i**3 + i**2 - 8*i. What is x(-6)?
2
Suppose -q = -2*q - 2*t + 33, -4*q + 5*t = -80. Suppose 6*k = k + q. Let v(w) = -3 + 2 + 2*w - 1. Determine v(k).
8
Let w = 34 - 33. Let d(l) be the first derivative of 2*l**4 - l**2 + l + 1. Give d(w).
7
Let k(x) = x**3 - 2*x**2 - 2*x - 1. Let n be k(3). Let c be n/(15/9 + -1). Let s(b) = -1 + 0*b + 2*b + 2*b**c + b**2 + 2. Calculate s(-1).
-2
Let a(w) be the first derivative of w**4/4 - 3*w**3 + 9*w**2/2 - 11*w - 7. Calculate a(8).
-3
Let a(h) = -5*h + 2. Let w(p) = 12*p - 5. Let k(d) = -7*a(d) - 3*w(d). Give k(4).
-3
Let o(m) be the first derivative of -9*m**4/4 + m**2/2 - 2. Let i(q) = -3*q - 62. Let h be i(-21). Determine o(h).
-8
Let w(c) = -3*c - 7. Let q(y) = -y + 2*y**2 + 1 + 0*y**2 - 4*y**2. Let j(g) = g**2 - 6*g - 2. Let d be j(6). Let k be q(d). Calculate w(k).
8
Suppose 0 = -2*d + 4*d - 56. Suppose d - 4 = 6*x. Let b(f) = -2*f. Give b(x).
-8
Suppose 2*r - 1 = 3, 3*r = 2*f - 10. Let g be (-5)/(-3) - f/12. Let h be (-5)/(-3*g - -2). Let y(w) = w**3 - 4*w**2 - 7*w + 6. Calculate y(h).
-4
Let l(m) = -m**3 + m**2 + 3*m + 4. Let c(g) = g**2 + 15*g - 13. Let y be c(-16). What is l(y)?
-5
Let l = 17 + -17. Let g(h) = -3*h + l*h + 7*h - 3*h. What is g(1)?
1
Let m(f) = -f**2 + f +